n base 9, what is -540 + -13033?
-13573
In base 12, what is -5a3 + -52ba2?
-53585
In base 12, what is -11 + 301bb?
301aa
In base 13, what is 2887 - -27?
28b1
In base 2, what is -111 + -10001010111000101010000011010?
-10001010111000101010000100001
In base 10, what is -4846909 + -3?
-4846912
In base 11, what is 155033a9 + 5?
15503403
In base 16, what is b78bce - -f?
b78bdd
In base 2, what is -1000000000000 - -10001001101?
-101110110011
In base 5, what is -21 + 410004043?
410004022
In base 14, what is -1b7 + 3a45a2?
3a43c9
In base 16, what is 1f7c + -5911?
-3995
In base 2, what is -100 + -100001100000000111111111111?
-100001100000001000000000011
In base 7, what is 6365 - -201050?
210445
In base 5, what is -23414 + 3220330?
3141411
In base 8, what is -627655 - -773?
-626662
In base 10, what is 1 + -3365600?
-3365599
In base 9, what is -1 + 8358723?
8358722
In base 16, what is -469bf + -f1?
-46ab0
In base 7, what is 16020 - 214104?
-165054
In base 13, what is -2bcb2a32 + -1?
-2bcb2a33
In base 9, what is 2 - -274751817?
274751820
In base 11, what is -10 - -763199?
763189
In base 8, what is 1 - 774152207?
-774152206
In base 10, what is -88 + -5035110?
-5035198
In base 3, what is 1120 - -11001120102220?
11001120111110
In base 6, what is 12 + -52334132?
-52334120
In base 10, what is -5 - -926215?
926210
In base 15, what is -12893 + -48?
-128db
In base 10, what is -2551 + -3353?
-5904
In base 12, what is 105 + -72718?
-72613
In base 4, what is -23312321 + -110131?
-30023112
In base 13, what is 72519 + -59?
72490
In base 6, what is 1051151 - 100?
1051051
In base 2, what is -11 - 1100110000000111011101011?
-1100110000000111011101110
In base 5, what is -1043243 - 3404344?
-10003142
In base 5, what is 1410034240 + -131?
1410034104
In base 2, what is -11111111001 + -11011110100111110?
-11100010100110111
In base 4, what is -103330020 + 112?
-103323302
In base 13, what is -37cc + 100?
-36cc
In base 10, what is 99415758 - -5?
99415763
In base 7, what is 12536 - -112140?
125006
In base 9, what is -1613385606 - -1?
-1613385605
In base 3, what is 11122011021 + 12?
11122011110
In base 4, what is 212230121 - 1212?
212222303
In base 9, what is -12007 + -13164?
-25172
In base 8, what is 562416650 - 2?
562416646
In base 7, what is -5055261 + -421?
-5056012
In base 6, what is -4145240 - -43?
-4145153
In base 13, what is 3 - -1718013a?
17180140
In base 9, what is 247 + -76683?
-76435
In base 4, what is 131212031 - 10?
131212021
In base 16, what is 3 - -2d2766?
2d2769
In base 8, what is -13024043 + -5?
-13024050
In base 4, what is -10 - -30200102130?
30200102120
In base 12, what is 3 - 53341?
-5333a
In base 12, what is -10729 + 1797?
-ab52
In base 5, what is 2001221044142 + 1?
2001221044143
In base 7, what is -3235 + -1162566?
-1166134
In base 15, what is 24b - ea17?
-e7bb
In base 13, what is 23 + 4946c?
49492
In base 5, what is 130 - 4303314422?
-4303314242
In base 7, what is -21 + -366200?
-366221
In base 8, what is -4 + 46377024?
46377020
In base 2, what is 10 - -1010011010101001001011101?
1010011010101001001011111
In base 16, what is -2e + 319102?
3190d4
In base 2, what is -11001001010111 + 11111010000101?
110000101110
In base 12, what is -36b157 - 147?
-36b2a2
In base 6, what is 5430 + 140452?
150322
In base 16, what is 2dc2 - 38a?
2a38
In base 9, what is -17827 - -8682?
-8135
In base 6, what is -20 - 30245244?
-30245304
In base 5, what is 1044420 - -1114?
1101034
In base 13, what is 61391 + 41?
61402
In base 6, what is 5 - 14322312131?
-14322312122
In base 11, what is 87 + -2942?
-2866
In base 4, what is -210 - 2112133032?
-2112133302
In base 14, what is 1 - -99c110?
99c111
In base 6, what is -5351432 - 4?
-5351440
In base 12, what is -1024405b + 2?
-10244059
In base 15, what is 49923a9 + -26?
4992383
In base 4, what is -12230002331212 - 11?
-12230002331223
In base 14, what is 69c3b5 - -23?
69c3d8
In base 7, what is 0 - 103443004?
-103443004
In base 2, what is -101 - 100110000101110101101100?
-100110000101110101110001
In base 6, what is 313344133 + 3?
313344140
In base 4, what is 131223131 - 2123?
131221002
In base 15, what is -77 - 14d27?
-14d9e
In base 5, what is 4 + -3342001000?
-3342000441
In base 5, what is -403213040 - -10?
-403213030
In base 8, what is 1 - -14106152?
14106153
In base 16, what is -846fc9e - -5?
-846fc99
In base 8, what is -234071301 - -3?
-234071276
In base 8, what is 6 - -1472247?
1472255
In base 10, what is 10913534 - 9?
10913525
In base 16, what is 7eb8c + -ae?
7eade
In base 15, what is 28 - -49da6?
49dce
In base 13, what is -55b5 - 125?
-570a
In base 8, what is -13 - -105207?
105174
In base 2, what is 111001011010110001010 - -1011?
111001011010110010101
In base 5, what is 111412 - -411404?
1023321
In base 10, what is 77 + -220340?
-220263
In base 3, what is -220 - 10102000220?
-10102001210
In base 11, what is 21a - -77411a?
774339
In base 2, what is -1011 + 11010110100101100100101000?
11010110100101100100011101
In base 14, what is 1019d40 + 3?
1019d43
In base 7, what is 43633041 + -261?
43632450
In base 14, what is -23 + 547956?
547933
In base 12, what is -404 + 28455?
28051
In base 9, what is -18 - 6786368?
-6786387
In base 4, what is 203213110323 - 33?
203213110230
In base 9, what is 124725 - 673?
124042
In base 11, what is -36914 - 364a?
-3a463
In base 2, what is -1111110011110010 - -100011110000011?
-1011010101101111
In base 6, what is 250 + 122355221?
122355511
In base 14, what is -3c7d5d - -7?
-3c7d56
In base 15, what is 0 - -4ab3676?
4ab3676
In base 2, what is 1110 + 10101110110000110010100?
10101110110000110100010
In base 5, what is -102 - -1313113340?
1313113233
In base 16, what is -63f18 - -2c?
-63eec
In base 6, what is -31450313 + -131?
-31450444
In base 16, what is f - -43b97?
43ba6
In base 14, what is c447 + -436?
c011
In base 6, what is 13445424 - 32?
13445352
In base 11, what is -46422 - -3698?
-42835
In base 2, what is 11111111110 + 1000011011100?
1100011011010
In base 2, what is 1010011111100 + 110010011?
1011010001111
In base 6, what is -42 + 104121335?
104121253
In base 10, what is -8026233 + 6?
-8026227
In base 10, what is -170 + -869881?
-870051
In base 5, what is -123 + -3202044?
-3202222
In base 4, what is -20231112 - 13112?
-20310230
In base 14, what is -7234831 + 0?
-7234831
In base 14, what is 156 + -3169?
-3013
In base 10, what is -8 + 13705900?
13705892
In base 7, what is 11050201314 - -5?
11050201322
In base 5, what is -12 - 2221022103?
-2221022120
In base 13, what is 3b63 - -603?
4466
In base 9, what is -388282 - 35?
-388327
In base 13, what is -380c - 57?
-3866
In base 5, what is -423021 + 200412?
-222104
In base 13, what is -b6b526b - 4?
-b6b5272
In base 10, what is -3 - 862983?
-862986
In base 2, what is -110 - 1111100101101011011010?
-1111100101101011100000
In base 10, what is -77376024 - 3?
-77376027
In base 13, what is -1 + 30aa8c?
30aa8b
In base 14, what is b55b228c - 2?
b55b228a
In base 11, what is -a7884 - -3a?
-a7845
In base 16, what is -a8b + -4356?
-4de1
In base 8, what is 15571 - 3754?
11615
In base 2, what is 10111111010111010111011100 - -11?
10111111010111010111011111
In base 16, what is 7 - -6827c?
68283
In base 2, what is 11000011 + 1111001001010101101?
1111001001101110000
In base 16, what is -7e0 + 2397?
1bb7
In base 10, what is -7 + -58377467?
-58377474
In base 15, what is d4dbe + 4c?
d4e1b
In base 11, what is -11 - 2a54771?
-2a54782
In base 7, what is -3352412542 + -4?
-3352412546
In base 2, what is -10 - 1001010110010110011001?
-1001010110010110011011
In base 16, what is -c31c - -40b?
-bf11
In base 6, what is 0 + 1100223052?
1100223052
In base 12, what is -8a4631 + 6a?
-8a4583
In base 4, what is -11 - 11010323311331?
-11010323312002
In base 3, what is -200220112 - 20?
-200220202
In base 15, what is -121 - 4131c?
-4143d
In base 4, what is -132 - 2322212223?
-2322213021
In base 16, what is 12623 - 3fc?
12227
In base 3, what is -11200021 - -1110122002?
1021221211
In base 12, what is -8a470b - -3?
-8a4708
In base 16, what is -1a6 - -7f74?
7dce
In base 2, what is 100110101010110010110011 + -100011?
100110101010110010010000
In base 7, what is 1 - 1440362354?
-1440362353
In base 12, what is 18 + -883931?
-883915
In base 12, what is 305559a7 + -1?
305559a6
In base 8, what is 11073 + 256?
1135